?
18
Let c(x) = -13*x + 11. Let q be c(-1). Suppose -28*j + q = -26*j. Calculate the greatest common factor of 20 and j.
4
Let r be ((-14)/(-35))/((-7)/(-840)). What is the highest common factor of 16 and r?
16
Let y be 15/40 + 15807/88. Calculate the highest common factor of y and 225.
45
Let u = 7 + -2. Suppose 0*v = -u*v + 15. Let h be v + 32/4 + 4. Calculate the greatest common factor of 6 and h.
3
Suppose -3*o + 201 = 4*s, -3*s + 152 = -0*o + 2*o. Let t be 1/5 + s/30. Calculate the greatest common factor of 18 and t.
2
Let s be 47 + (1 - (-2)/1). Let v(l) = -l**2 - 3*l + 74. Let m be v(-9). Calculate the greatest common divisor of s and m.
10
Let p be (-16)/(-12) - (11 - (-869)/(-3)). Calculate the highest common factor of p and 616.
56
Let o be 0*(1 - 15/20). Suppose 3*v = -o*v + 27. Suppose -3*i = -27 + v. Calculate the greatest common divisor of i and 3.
3
Suppose 6*r - 48 = 4*r. Let q be (r/(-10))/((-3)/15). Let i be (q/(-24))/(2/(-24)). Calculate the highest common factor of 12 and i.
6
Let s = 29 + -27. Suppose b = -b + s. Calculate the highest common divisor of b and 5.
1
Suppose 17*h = 11*h + 990. Calculate the greatest common divisor of h and 99.
33
Let j be 44/55 - (-1472)/10. Calculate the highest common divisor of 37 and j.
37
Suppose -v + 4*v - 6 = 0, 0 = i + 2*v - 21. Suppose 13*y + 256 = i*y. What is the greatest common factor of 160 and y?
32
Suppose 3*o + 45 = 5*s, 3*o = -19*s + 20*s - 21. Calculate the greatest common divisor of s and 330.
6
Let m be ((-1032)/18)/((-8)/18). Calculate the highest common divisor of 43 and m.
43
Let y = 574 - 538. What is the highest common factor of 684 and y?
36
Suppose h = -5*z + z + 1047, z = -2*h + 267. Suppose -3*u + 116 = u. What is the highest common factor of u and z?
29
Suppose -49*z + 351 = -3079. Calculate the highest common divisor of 42 and z.
14
Suppose -4*w = 4 - 0. Let o be (35/(-14))/(w/28). What is the greatest common divisor of o and 14?
14
Suppose -3*c + 25 = 2*c. Suppose 127 = 5*i - 2*i + 2*o, -c*o = -25. What is the highest common divisor of i and 52?
13
Suppose -5*h - 168 = -11*h. What is the greatest common factor of h and 20?
4
Let h = 20 + -18. Let a be -8 - -17 - (-2 - h). What is the greatest common factor of a and 91?
13
Suppose 3*f - 5 - 26 = -2*r, 3*f + 53 = 4*r. Let b(o) = o**2 - 2*o + 6. Let p be b(6). Let i = p + -2. What is the greatest common divisor of i and r?
14
Suppose -7*a + 2*a + 1606 = 2*m, -3*a + 976 = -5*m. What is the greatest common factor of a and 46?
46
Suppose -5*j + 2*s + 173 = -457, 3*s - 605 = -5*j. Let c be (-1 - 0)/(2/(-12)). Let u be (3 + 90)*2/c. Calculate the highest common factor of j and u.
31
Suppose 65 + 4 = -3*a. Let c = a - -26. Let n be (2/c)/(14/735). Calculate the highest common divisor of n and 70.
35
Let i = 4 + -4. Suppose 0*x - 5*x = -3*b + 62, -5*x - 5 = i. Let g be (31 - 12)*7/1. Calculate the highest common factor of b and g.
19
Let x(f) be the third derivative of f**5/60 - 5*f**4/24 - 4*f**3/3 - 4*f**2. Let k be x(7). What is the greatest common factor of 3 and k?
3
Suppose v + 7*j = 4*j + 327, -321 = -v - j. Let f = v - 174. What is the highest common divisor of f and 16?
16
Suppose -6*s + 9142 + 1857 = -5*v, -5*s + 9174 = 4*v. Calculate the highest common divisor of s and 14.
14
Let q(o) = o**2 - 27*o + 28. Let d be q(26). Suppose -d*y - 2 = -72. Calculate the greatest common factor of 14 and y.
7
Suppose 5*z = 3*f - 5*f - 16, 3*z = 5*f - 22. Suppose -2*x + 58 = -3*j, 2*j - 36 = -5*x + 4*x. Calculate the highest common factor of f and x.
2
Let m(w) = 8*w**2 + 0*w**2 - 4 + 3*w**2 + 3*w - 3*w**3 + 5*w**3. Let c be m(-5). Calculate the greatest common divisor of c and 42.
6
Let m be ((-3)/6)/((-5)/1580). Suppose m = 7*q - 80. What is the highest common divisor of q and 51?
17
Suppose 2*g - 7*g + 18 = -4*t, 3*g + 2*t - 2 = 0. What is the greatest common divisor of g and 53?
1
Suppose 0 = -11*s + 64 - 9. Suppose 5*a = s*j - 90, 4*j + 4*a = 42 + 54. Calculate the highest common divisor of j and 42.
21
Suppose -3*h = u - h - 7, h + 3 = 0. Let n be (-520)/(-12) - 4/18*-3. Let f = -31 + n. What is the highest common divisor of f and u?
13
Let n be (((-138)/(-4))/(-1))/(6/(-8)). What is the highest common factor of 253 and n?
23
Let v = -6 - 14. Let k be (v + 12)/((-2)/16). Suppose -r + 44 = -4*b + 128, -4*b - 4*r + k = 0. What is the highest common divisor of b and 8?
4
Suppose -4*q + 316 = -84. Let s = -883 + 923. What is the greatest common factor of q and s?
20
Let d(i) = i**3 + 19*i**2 + 13*i + 55. Let k be d(-18). What is the highest common factor of k and 58?
29
Suppose 347 = 34*i - 4549. What is the highest common factor of i and 48?
48
Suppose h + 19 = -0*c + 5*c, -1 = 5*c + 4*h. Let k be (-11)/(c/(-9) - 0). Calculate the highest common factor of 363 and k.
33
Let d be (35/(-10))/(1/(-6)). Suppose 24*n = d*n + 84. What is the greatest common factor of n and 4?
4
Suppose 0 = -5*u + 532 + 68. Let s be 20*(84/20 - 6/30). Calculate the highest common factor of u and s.
40
Let x(i) = -i + 2. Suppose 1 = -4*l + 9. Let f be x(l). Suppose f*m - 84 = -2*m. Calculate the greatest common divisor of 6 and m.
6
Suppose 4*a - 5*y - 43 = 0, -2*a - 5*y + 14 = -15. Suppose -2*v + 96 = 2*v. Let z = v - -36. Calculate the highest common divisor of a and z.
12
Suppose -3*p + 6*p - 4*k - 74 = 0, 3*p - 70 = 5*k. Suppose -p = -v - v. Let q be v/4 - 5/(-20). What is the greatest common factor of 44 and q?
4
Let r = -1 + 3. Let d be (-4)/(-60) + 3135/225. What is the highest common divisor of r and d?
2
Let q(k) = -2*k**3 - 105*k**2 + 53*k + 32. Let j be q(-53). Calculate the highest common factor of 4 and j.
4
Let t = 581 - 239. What is the highest common factor of 38 and t?
38
Let a(l) = -11*l**2 - 5*l - 8. Let h be a(-3). Let n = 109 + h. What is the greatest common factor of 289 and n?
17
Let p(n) = -n**3 - 10*n**2 - 11*n + 6. Let b be p(-8). Let g = -22 - b. Calculate the highest common factor of g and 4.
4
Suppose -137*u + 125*u + 156 = 0. Calculate the greatest common factor of u and 767.
13
Let v(f) = -f + 8. Let j be v(8). Suppose j = 5*q - 9*q + 96. Suppose -7*t + 40 = 4*y - 3*t, -3*y = -3*t - 18. Calculate the greatest common factor of q and y.
8
Let c(n) = 54*n**2 + 20*n + 4. Let r be c(-3). What is the highest common factor of r and 10?
10
Suppose 9*g - 10780 = -5*g. What is the highest common divisor of 11 and g?
11
Let c be 1764/26 + 22/143. What is the greatest common divisor of c and 24?
4
Let h be 8729/105 - (-2)/(-15). What is the highest common divisor of 332 and h?
83
Let o(g) = -2*g + 7. Let r(y) = y + 1. Suppose 4*b = -3 - 13. Let s be r(b). Let z be o(s). Calculate the highest common factor of 91 and z.
13
Let d = 85 - 25. Suppose -8*x + 3*x + d = 0. Calculate the highest common factor of x and 30.
6
Suppose 4*v = -j + 16, -19 = -v - j - 3*j. Suppose -3*k + r + 23 = k, -v*r = k + 4. What is the highest common factor of 2 and k?
1
Suppose 8*h = 12*h - 16. Let t(l) = 3*l**2 - 8*l + 2. Let f be t(h). Calculate the highest common factor of 9 and f.
9
Suppose 5*w + 7*z - 3*z + 568 = 0, -2*z - 452 = 4*w. Let o = w + 120. Calculate the greatest common factor of o and 136.
8
Let h(p) = -18*p + 79 - 79. Let q be h(1). Let s = 171 - q. Calculate the greatest common factor of s and 21.
21
Let o = -22 + 28. Suppose 0 = -o*l + 1536 - 576. Calculate the highest common factor of l and 32.
32
Let k = 210 - 179. Let v = 102 + 22. Calculate the highest common divisor of v and k.
31
Suppose -16 = -4*f, -29 = 2*a + 2*f - 81. Let q(x) = -x - 2. Suppose -11*o - 52 = -7*o. Let i be q(o). What is the greatest common divisor of a and i?
11
Let q(f) = f**3 + 9*f**2 + 12*f + 6. Let a be q(-7). Let h = -76 - -216. Calculate the highest common factor of a and h.
20
Suppose 0 = -40*l + 61*l - 105. Calculate the greatest common factor of l and 20.
5
Suppose 36*o - 35*o - 137 = -q, -3*o = 4*q - 549. Calculate the greatest common divisor of q and 874.
46
Let k(q) = q**3 + 9*q**2 - 84*q + 32. Let p be k(-13). Calculate the greatest common divisor of p and 56.
56
Let d be (-9)/(126/(-4)) - (-878)/14. What is the highest common factor of 525 and d?
21
Let h(r) = r**3 - r**2 - 5*r. Let i be (-102)/9*(-6)/4. Let w = 20 - i. Let s be h(w). Calculate